k**2 + 12*k - 58. Determine f(-8).
-90
Let k(g) = -g**3 - 41*g**2 - 83*g - 106. What is k(-39)?
89
Let f(j) = 4*j**3 - 5*j**2 - 7*j - 13. Give f(-3).
-145
Let s(y) = 6*y**2 - 26*y - 11. What is s(4)?
-19
Let n(i) = -663*i - 3978. Determine n(-6).
0
Let h(x) = -x**2 - 352*x - 25. What is h(0)?
-25
Let w(u) = -8*u + 849. What is w(102)?
33
Let p(r) = r**3 + 12*r**2 + 52*r + 141. Determine p(-8).
-19
Let i(p) = -33*p - 263. Determine i(-9).
34
Let b(j) = j**3 - 16*j**2 - 67*j + 55. What is b(20)?
315
Let i(z) = z**3 + z**2 - z - 239. Determine i(0).
-239
Let t(p) = 2*p**3 + 76*p**2 + 593*p - 20. What is t(-27)?
7
Let a(k) = -k**3 + 22*k**2 + 50*k + 172. Give a(25).
-453
Let u(t) = -12954*t + 51837. What is u(4)?
21
Let o(w) = -w**2 + 36*w - 74. Calculate o(30).
106
Let o(u) = -u**3 - 63*u**2 - 15*u - 18. Give o(0).
-18
Let x(g) = -3*g**2 + g. Give x(1).
-2
Let x(f) = f**2 - 22*f + 2. What is x(8)?
-110
Let m(n) = -45*n + 640. What is m(17)?
-125
Let p(s) = -s**3 - 11*s**2 + 245*s - 21. Determine p(11).
12
Let a(z) = 26*z**3 - 104*z**2 - 15*z + 50. What is a(4)?
-10
Let w(a) = 3*a**3 - a**2 - 12*a - 35. Determine w(0).
-35
Let h(k) = 56*k + 66. Calculate h(-1).
10
Let a(z) = z**2 - 42*z + 38. What is a(39)?
-79
Let b(r) = -6*r**2 - 24*r + 169. Determine b(-8).
-23
Let g(q) = -q**2 - 20*q - 69. What is g(-8)?
27
Let a(m) = m**2 + 159*m - 3144. Calculate a(18).
42
Let z(n) = -n**3 - 16*n**2 - 281*n - 3532. Give z(-14).
10
Let t(w) = 557*w + 1668. Determine t(-3).
-3
Let o(u) = 2*u**3 - 8*u**2 - 2*u + 13. Give o(4).
5
Let u(b) = 2*b**2 + 9*b - 184. Calculate u(9).
59
Let s(f) = 22*f + 1656. Give s(-75).
6
Let b(m) = -8*m**2 - 4*m + 5. Determine b(6).
-307
Let k(t) = 19*t. Calculate k(-2).
-38
Let z(t) = -t + 10. Determine z(-43).
53
Let o(g) = 2*g - 17. Determine o(19).
21
Let b(k) = -k**3 + 7*k**2 + 68*k - 451. Give b(9).
-1
Let o(k) = -10*k**2 - 48*k - 38. Calculate o(-1).
0
Let z(o) = -3*o**3 + 28*o**2 - 10*o + 186. Give z(9).
177
Let r(v) = 11*v**2 + 83*v + 37. Give r(-7).
-5
Let g(k) = -2*k**3 + 13*k**2 + 37*k + 8. Give g(9).
-64
Let a(c) = -549*c + 528. Determine a(1).
-21
Let t(f) = f**3 + 39*f**2 - 7*f + 1248. What is t(-40)?
-72
Let a(v) = -319*v + 18. What is a(0)?
18
Let c(x) = -7*x**2 + 3*x - 17. What is c(4)?
-117
Let d(q) = -186*q - 595. Give d(-6).
521
Let x(l) = -64*l**2 + 8*l + 25. Give x(-2).
-247
Let x(o) = o**2 + 104*o - 11455. Give x(-171).
2
Let m(v) = v**3 + 5*v**2 + 351*v + 703. Determine m(-2).
13
Let r(v) = -v**3 + 242*v**2 - 4439*v - 231. Determine r(222).
-9
Let g(c) = 3*c**2 - 3*c - 528. Give g(13).
-60
Let g(p) = p**2 - 20*p + 17. Give g(10).
-83
Let f(l) = l**3 - 9*l**2 + 3*l + 79. What is f(6)?
-11
Let o(x) = 65*x + 26. Give o(-9).
-559
Let p(f) = -2*f**3 + 66*f**2 + 67*f + 22. Calculate p(34).
-12
Let a(f) = -2*f**2 - 39*f + 76. Determine a(-21).
13
Let c(y) = -8*y - 114. Give c(-28).
110
Let n(s) = -593*s - 51599. Calculate n(-87).
-8
Let g(z) = -z**2 - z + 92. Give g(-13).
-64
Let v(j) = 866*j - 6. What is v(0)?
-6
Let l(z) = 109*z - 1998. What is l(24)?
618
Let n(y) = -y**2 - 3120*y + 15630. What is n(5)?
5
Let k(v) = v**2 + 28*v - 132. Give k(-34).
72
Let a(x) = -2*x - 45. Give a(-27).
9
Let z(y) = y**3 - 13*y**2 + 13*y + 187. Calculate z(6).
13
Let g(n) = -35*n + 1802. Give g(49).
87
Let b(m) = 101*m + 214. Determine b(-2).
12
Let i(o) = -417*o + 382. What is i(1)?
-35
Let d(m) = -m**3 + 4*m**2 - 862*m + 2573. Determine d(3).
-4
Let j(y) = 5*y**2 + 613*y + 384. Determine j(-122).
18
Let r(f) = -121*f + 398. Give r(3).
35
Let c(z) = -12770*z - 204333. Give c(-16).
-13
Let j(c) = -c**2 - 374*c + 45684. Determine j(97).
-3
Let k(t) = -t**2 + 161*t + 7326. What is k(-37)?
0
Let c(g) = -1826*g + 1864. Determine c(1).
38
Let i(h) = 3*h**3 + 2*h**2 + h + 6. What is i(6)?
732
Let b(l) = l**2 - 27*l + 41. Determine b(12).
-139
Let h(u) = u**3 - 86*u**2 + 78*u + 463. Calculate h(85).
-132
Let q(c) = c**2 + 46*c + 9. Calculate q(-47).
56
Let r(a) = -2*a**2 - 1798*a + 69269. What is r(37)?
5
Let k(t) = 73*t + 353. Determine k(-15).
-742
Let a(j) = j**3 - 5*j**2 + 343*j - 1719. Calculate a(5).
-4
Let l(j) = 3*j**3 + 13*j**2 - 13*j + 60. Determine l(-7).
-241
Let v(g) = -9*g**2 - 152*g + 781. Give v(-21).
4
Let n(k) = k**3 - 3*k**2 - 7*k - 4. Give n(-1).
-1
Let k(z) = 15*z - 367. Calculate k(39).
218
Let c(v) = v**2 + 46*v - 204. What is c(4)?
-4
Let x(c) = -380*c - 1800. Calculate x(-5).
100
Let c(z) = 2*z**3 - 30*z**2 + 104*z + 45. Give c(9).
9
Let c(n) = 42*n**2 + 4*n - 30. Give c(3).
360
Let v(s) = -s**3 - 6*s**2 + 5*s + 22. Determine v(-5).
-28
Let b(m) = -37*m**2 - 211*m + 26. Calculate b(-6).
-40
Let n(m) = -m**3 + 1432*m**2 + 2868*m - 3. Determine n(-2).
-3
Let d(n) = n**2 + 34*n + 350. What is d(-17)?
61
Let l(a) = -a**3 + 966*a + 37. Calculate l(0).
37
Let z(r) = 13*r**2 + 683*r - 312. Give z(-53).
6
Let o(a) = a**2 + 9*a + 46. Give o(9).
208
Let p(l) = 24*l - 597. Give p(26).
27
Let q(g) = -12*g + 83. Determine q(12).
-61
Let k(l) = -3*l**3 - 37*l**2 + 26*l + 8. Determine k(-13).
8
Let r(c) = -87*c + 1157. Give r(13).
26
Let y(r) = 974*r - 3883. Calculate y(4).
13
Let k(j) = -38*j**2 - 5998*j + 943. Give k(-158).
-5
Let b(d) = d**2 + 299*d + 1745. Give b(-6).
-13
Let a(i) = 15*i**3 - 2*i**2 + 18*i - 15. What is a(1)?
16
Let f(k) = -5*k**3 + 249*k**2 - 1082*k + 76. Calculate f(45).
-14
Let y(r) = -r**2 + 131*r - 87. What is y(130)?
43
Let j(h) = -h**3 - 17*h**2 - 16*h + 47. Determine j(-16).
47
Let i(x) = -194*x - 1313. Calculate i(-7).
45
Let j(s) = 2*s**3 - 44*s**2 + 108*s + 123. Determine j(19).
9
Let r(z) = -241*z - 384. Determine r(-1).
-143
Let f(h) = -82*h + 1714. Give f(21).
-8
Let x(v) = -2*v**2 - 140*v - 406. What is x(-3)?
-4
Let l(h) = 23*h - 311. Give l(10).
-81
Let v(x) = x**3 + 16*x**2 + 56*x + 8. Calculate v(-11).
-3
Let x(y) = y**3 - 42*y**2 - 356*y + 103. Give x(49).
-534
Let j(t) = 116*t - 463. What is j(9)?
581
Let o(x) = -x**2 + 27*x + 208. Determine o(-8).
-72
Let k(u) = 64*u + 78. Calculate k(-2).
-50
Let x(k) = 5*k**2 + 1245*k + 1238. What is x(-248)?
-2
Let k(o) = -615*o + 4921. Calculate k(8).
1
Let s(g) = -17*g**2 + 154*g + 29. Give s(9).
38
Let w(l) = 946*l + 5666. Give w(-6).
-10
Let z(i) = -3*i**2 - 53*i - 13. Calculate z(-4).
151
Let d(w) = 28*w + 519. Calculate d(-23).
-125
Let h(k) = -87*k**2 - 8*k + 32. Determine h(3).
-775
Let q(m) = 82*m - 128. What is q(-2)?
-292
Let q(r) = r**3 - 47*r**2 - 116*r + 780. Calculate q(49).
-102
Let a(j) = -23*j**2 - 4437*j + 401. Calculate a(-193).
15
Let n(m) = -382*m - 2673. What is n(-7)?
1
Let x(i) = i**3 - 18*i**2 - 91*i + 1626. Determine x(18).
-12
Let j(y) = -553*y - 3292. Give j(-6).
26
Let n(y) = y**3 - 46*y**2 + 93*y - 9. Determine n(44).
211
Let z(g) = -g**3 - 11*g**2 + 18*g + 108. Give z(-12).
36
Let d(k) = -103*k**2 + k - 1. Calculate d(1).
-103
Let w(i) = 5407*i - 7. Give w(0).
-7
Let k(l) = -l**3 - 22*l**2 - 74*l + 27. Give k(-6).
-105
Let z(h) = -5*h**2 - 109*h + 156. Calculate z(-24).
-108
Let n(v) = -2*v**2 + 1301*v + 6541. Calculate n(-5).
-14
Let l(p) = 25*p**2 - 41*p - 231. Give l(4).
5
Let y(h) = -h**2 + 74*h + 361. What is y(79)?
-34
Let h(t) = 29*t + 1384. Calculate h(-47).
21
Let w(b) = 4*b**2 - 27*b - 11. What is w(7)?
-4
Let v(g) = -2*g**2 - 29*g + 64. Calculate v(-17).
-21
Let d(x) = 8*x**2 - 45*x + 38. Calculate d(8).
190
Let p(k) = -k**3 + 14*k**2 - 41*k + 10. Determine p(7).
66
Let q(z) = -z**2 + 15*z - 5. What is q(10)?
45
Let t(u) = -5*u + 63. What is t(22)?
-47
Let b(l) = -l**3 - 8*l**2 - 13*l - 6. What is b(-4)?
-18
Let b(u) = u**2 + 80*u - 228. Give b(-82).
-64
Let i(q) = -73*q + 10826. Give i(148).
22
Let f(n) = 608*n - 4248. Calculate f(7).
8
Let h(g) = -5*g**3 + 50*g**2 + 22*g - 178. Determine h(10).
42
Let s(w) = 23*w**2 + 130*w - 17. What is s(-6)?
31
Let t(j) = j**2 - 26*j + 193. Give t(16).
33
Let m(f) = -f**3 - 29*f**2 - 168*f - 14. Give m(-8).
-14
Let i(n) = 140*n - 19733. Calculate i(141).
7
Let i(s) = s**2 + 30*s - 2390. What is i(-66)?
-14
Let k(i) = i**3 - 18*i**2 - 27*i - 24. Give k(19).
-176
Let x(j) = -124*j + 2600. Determine x(21).
-4
Let k(s) = s**3 - 292*s**2 + 9440*s - 1283. Determine k(255).
-8
Let v(i) = -37*i + 1375. What is v(37)?
6
Let m(n) = 10*n**2 + 4*n - 19. Determine m(4).
157
Let